20205.
3, 5, 82041347
List the prime factors of 3009456410.
2, 5, 71, 479, 8849
List the prime factors of 971519804.
2, 37, 6564323
What are the prime factors of 296457798?
2, 3, 7, 13, 17, 19, 41
What are the prime factors of 2756327967?
3, 19, 239, 22481
What are the prime factors of 59907613?
59907613
What are the prime factors of 18561206?
2, 9280603
List the prime factors of 23282884.
2, 1021, 5701
What are the prime factors of 546038554?
2, 919, 297083
What are the prime factors of 5833921289?
7, 833417327
List the prime factors of 21536870.
2, 5, 193, 11159
What are the prime factors of 61838214?
2, 3, 17, 23, 43, 613
List the prime factors of 302190089.
79, 3825191
What are the prime factors of 748155448?
2, 17, 5501143
List the prime factors of 194785284.
2, 3, 16232107
List the prime factors of 91609473.
3, 30536491
List the prime factors of 2261653724.
2, 11, 47, 23269
List the prime factors of 44138769.
3, 43, 577, 593
List the prime factors of 417582367.
233, 673, 2663
List the prime factors of 378646182.
2, 3, 73, 127, 2269
What are the prime factors of 16916355?
3, 5, 293, 1283
List the prime factors of 1785014059.
17, 105000827
What are the prime factors of 524522527?
4397, 119291
What are the prime factors of 476075356?
2, 119018839
What are the prime factors of 800515657?
19, 53, 163, 4877
List the prime factors of 191520743.
191520743
What are the prime factors of 6411601564?
2, 1602900391
What are the prime factors of 195631033?
13, 15048541
List the prime factors of 2823094900.
2, 5, 29, 71, 13711
What are the prime factors of 211368684?
2, 3, 17, 1036121
What are the prime factors of 497599293?
3, 47, 1361, 2593
What are the prime factors of 58274944?
2, 7, 13, 5003
What are the prime factors of 65797531?
17, 31, 124853
List the prime factors of 29551488.
2, 3, 41, 1877
List the prime factors of 22608886.
2, 107, 105649
List the prime factors of 36349447.
401, 90647
What are the prime factors of 85460486?
2, 53, 211, 3821
List the prime factors of 143962168.
2, 7, 101, 25453
List the prime factors of 17123026.
2, 73, 117281
List the prime factors of 245245235.
5, 49049047
List the prime factors of 22043743.
19, 227, 269
List the prime factors of 2309384319.
3, 11, 69981343
What are the prime factors of 2457632315?
5, 37, 59, 225161
List the prime factors of 29254792.
2, 7, 43, 12149
List the prime factors of 179331355.
5, 7, 5123753
What are the prime factors of 3314910867?
3, 19, 677, 85903
List the prime factors of 186627890.
2, 5, 1559, 11971
What are the prime factors of 146822393?
67, 463, 4733
List the prime factors of 25674486.
2, 3, 23, 8089
List the prime factors of 1994715045.
3, 5, 14775667
What are the prime factors of 25815349?
7, 383, 9629
What are the prime factors of 47501539?
19, 2500081
What are the prime factors of 1518750115?
5, 79, 383, 10039
List the prime factors of 54068237.
2137, 25301
List the prime factors of 632903242.
2, 316451621
What are the prime factors of 122447904?
2, 3, 1275499
What are the prime factors of 11820805?
5, 2364161
List the prime factors of 1375921027.
13, 17, 1709, 3643
List the prime factors of 1806855222.
2, 3, 3449, 87313
List the prime factors of 101872679.
29, 3512851
List the prime factors of 2132528.
2, 133283
What are the prime factors of 522833641?
11, 47530331
What are the prime factors of 467934075?
3, 5, 7, 42443
What are the prime factors of 78431244?
2, 3, 2447, 2671
List the prime factors of 1517371151.
149, 10183699
What are the prime factors of 535730855?
5, 11, 71, 137191
List the prime factors of 990532704.
2, 3, 7, 109, 13523
What are the prime factors of 80636003?
7, 97, 118757
List the prime factors of 1334819466.
2, 3, 24718879
What are the prime factors of 1003341564?
2, 3, 17, 149, 11003
List the prime factors of 33710499.
3, 29, 113, 127
What are the prime factors of 64644489?
3, 7, 13, 17, 4643
List the prime factors of 42082428.
2, 3, 3506869
List the prime factors of 3563039685.
3, 5, 47, 293, 367
What are the prime factors of 368021422?
2, 433, 424967
What are the prime factors of 55386802?
2, 53, 522517
What are the prime factors of 2759180833?
181, 15244093
What are the prime factors of 34615235?
5, 6923047
List the prime factors of 2532515788.
2, 11, 43, 1338539
List the prime factors of 641016305.
5, 37, 1723, 2011
What are the prime factors of 9710364?
2, 3, 79, 10243
What are the prime factors of 611713105?
5, 122342621
List the prime factors of 676228632.
2, 3, 2939, 9587
What are the prime factors of 22326881?
19, 1175099
What are the prime factors of 92606451?
3, 7, 2087, 2113
What are the prime factors of 24592399?
13, 571, 3313
What are the prime factors of 3355665009?
3, 2677, 417839
What are the prime factors of 2156900191?
2156900191
List the prime factors of 4977503114.
2, 2488751557
What are the prime factors of 61821122?
2, 11, 2810051
List the prime factors of 272511552.
2, 3, 281, 5051
What are the prime factors of 1748571254?
2, 19, 46015033
List the prime factors of 416976716.
2, 13, 8018783
List the prime factors of 374101801.
374101801
List the prime factors of 12942885.
3, 5, 149, 5791
What are the prime factors of 805130803?
805130803
List the prime factors of 7810327920.
2, 3, 5, 32543033
List the prime factors of 617275875.
3, 5, 29, 31, 1831
What are the prime factors of 107467031?
7, 15352433
What are the prime factors of 1146935890?
2, 5, 114693589
What are the prime factors of 174875707?
3821, 45767
List the prime factors of 299861884.
2, 7, 31, 345463
What are the prime factors of 2447710774?
2, 137, 8933251
What are the prime factors of 435481214?
2, 7, 17, 1829753
What are the prime factors of 192529466?
2, 193, 498781
What are the prime factors of 1977685211?
1977685211
What are the prime factors of 698821213?
23, 30383531
List the prime factors of 777268656.
2, 3, 1799233
What are the prime factors of 283438262?
2, 1877, 75503
List the prime factors of 219724976.
2, 13732811
List the prime factors of 7621533870.
2, 3, 5, 41, 6196369
List the prime factors of 190227662.
2, 1427, 66653
List the prime factors of 99563718.
2, 3, 1013, 16381
What are the prime factors of 153451744?
2, 4795367
What are the prime factors of 5118334?
2, 13, 19, 797
List the prime factors of 368049002.
2, 431, 426971
What are the prime factors of 193443828?
2, 3, 16120319
List the prime factors of 7073027.
13, 43, 12653
What are the prime factors of 30497269?
11, 17, 71, 2297
List the prime factors of 525024726.
2, 3, 23, 3804527
What are the prime factors of 192459106?
2, 7, 467, 29437
What are the prime factors of 2543643191?
211, 281, 42901
What are the prime factors of 615770212?
2, 109, 1412317
List the prime factors of 189220980.
2, 3, 5, 13, 242591
List the prime factors of 126691903.
13, 71, 317, 433
List the prime factors of 1753895749.
1753895749
What are the prime factors of 354966266?
2, 83, 797, 2683
What are the prime factors of 52499882?
2, 337, 77893
What are the prime factors of 156967069?
7, 17, 179, 7369
List the prime factors of 1583566519.
113, 14013863
List the prime factors of 1193801445.
3, 5, 19, 1396259
What are the prime factors of 1563611215?
5, 59, 149, 35573
What are the prime factors of 450610543?
433, 1040671
List the prime factors of 1938256751.
17, 114015103
List the prime factors of 1781860.
2, 5, 41, 53
What are the prime factors of 6394019247?
3, 7, 11, 37, 249367
List the prime factors of 84102266.
2, 191, 220163
List the prime factors of 4687556825.
5, 7, 37, 103421
What are the prime factors of 71075657?
17, 4180921
List the prime factors of 13063730.
2, 5, 1306373
List the prime factors of 583685095.
5, 7, 3581, 4657
List the prime factors of 11085894.
2, 3, 615883
List the prime factors of 30738976.
2, 960593
What are the prime factors of 1590951787?
599, 2656013
List the prime factors of 671488716.
2, 3, 55957393
List the prime factors of 325977577.
2129, 153113
What are the prime factors of 1464682390?
2, 5, 6287, 23297
What are the prime factors of 998444068?
2, 17, 73, 197, 1021
List the prime factors of 388890860.
2, 5, 19, 61, 883
What are the prime factors of 151367471?
19, 73, 109133
What are the prime factors of 393149110?
2, 5, 39314911
What are the prime factors of 2020760945?